2 - 182*g + 525. Calculate o(3).
-3
Let g(d) = 3952*d + 11842. Determine g(-3).
-14
Let k(f) = -7*f**2 - 17*f + 13. Calculate k(-4).
-31
Let q(x) = 4*x - 76. Determine q(40).
84
Let y(h) = -2*h**3 - h**2 + 13*h - 19. Give y(2).
-13
Let x(g) = g**3 + 187*g**2 + 177*g - 1655. Determine x(-186).
19
Let a(z) = -6*z**3 - 240*z**2 + 4*z + 189. Determine a(-40).
29
Let t(z) = 2*z**3 - 2*z**2 - 53*z - 49. What is t(6)?
-7
Let x(a) = a**3 + 9*a**2 + 24*a - 10. Calculate x(-5).
-30
Let o(x) = 468*x - 1736. Calculate o(4).
136
Let u(o) = -o**3 - 38*o**2 - 204*o. Calculate u(-6).
72
Let c(l) = l**2 - 67*l + 503. What is c(8)?
31
Let p(u) = 3*u**2 - 324*u + 1837. Calculate p(102).
1
Let m(f) = 6*f**2 + 107*f - 239. Determine m(2).
-1
Let r(f) = -15*f**2 + 250*f - 149. Calculate r(16).
11
Let c(w) = -102*w**2 + 1527*w - 32. Calculate c(15).
-77
Let q(c) = -c**2 - 20*c + 283. What is q(-34)?
-193
Let z(l) = -4*l**2 - 149*l + 271. Give z(2).
-43
Let k(x) = -x**2 - 4*x + 215. Calculate k(18).
-181
Let o(i) = -527*i**2 - 9*i - 9. Calculate o(-1).
-527
Let y(b) = 62*b + 6007. Give y(-97).
-7
Let r(l) = -l**2 - 191*l - 4042. Determine r(-23).
-178
Let c(g) = 2*g**3 + 29*g**2 - 15*g + 73. Give c(-15).
73
Let z(h) = -11*h**3 + 7*h**2 + 49*h + 88. Determine z(-2).
106
Let r(u) = -6*u - 114. What is r(-18)?
-6
Let j(l) = -182*l + 1617. Determine j(11).
-385
Let u(t) = -t**3 + 32*t**2 - 81*t + 632. Calculate u(30).
2
Let d(x) = -2*x**2 - 2*x + 36. What is d(0)?
36
Let k(l) = -1223*l - 17112. What is k(-14)?
10
Let z(q) = 4*q**2 + 184*q + 49. Calculate z(-46).
49
Let y(r) = -6*r**2 + 435*r - 215. Give y(72).
1
Let o(c) = -5*c + 103. What is o(35)?
-72
Let v(w) = -w**2 - 31*w - 72. Determine v(-28).
12
Let p(h) = h**2 + 45*h - 150. Give p(-47).
-56
Let v(b) = 40*b + 394. Determine v(-11).
-46
Let g(v) = 738*v - 5114. Determine g(7).
52
Let o(n) = -n**3 - 7*n**2 - n - 23. Determine o(-5).
-68
Let r(g) = 80*g - 197. Calculate r(4).
123
Let i(a) = -3*a**3 - 23*a**2 + 5*a - 39. Calculate i(-8).
-15
Let s(i) = 2*i**3 + 76*i**2 + 97*i + 855. Determine s(-37).
4
Let c(g) = 420*g - 1032. Calculate c(3).
228
Let n(y) = -179*y + 6763. Give n(38).
-39
Let j(k) = 119*k - 8923. Determine j(75).
2
Let k(s) = -2711*s + 29803. Determine k(11).
-18
Let y(r) = -r**3 - 13*r**2 + 57*r + 857. Calculate y(-11).
-12
Let s(u) = 2*u**3 + 15*u**2 - 12*u - 86. Determine s(-8).
-54
Let c(i) = -i**2 - 164*i - 6631. Calculate c(-72).
-7
Let b(l) = 4*l**2 - 73*l + 26. Give b(20).
166
Let m(j) = -j**3 - 9*j**2 + 3*j + 121. What is m(-7)?
2
Let b(h) = -h**2 + 28*h - 191. Give b(23).
-76
Let h(a) = -6*a**2 + 66*a + 291. Determine h(-4).
-69
Let q(p) = 68*p - 6268. Give q(92).
-12
Let d(c) = -c + 45. Give d(33).
12
Let r(h) = h**3 + 11*h**2 + 37*h + 67. Calculate r(-7).
4
Let v(g) = g**3 - 12*g**2 - 17*g - 26. Determine v(12).
-230
Let i(z) = 2*z**2 - 51*z + 314. Give i(11).
-5
Let a(o) = o**2 - 48*o + 576. Calculate a(24).
0
Let t(j) = j**2 + 486*j + 43917. Determine t(-120).
-3
Let v(h) = -h**3 - 58*h**2 - 117*h - 237. Determine v(-56).
43
Let g(f) = f**2 - 16*f + 191. Determine g(14).
163
Let c(t) = -t**3 - 7*t**2 - 15*t - 28. Calculate c(-6).
26
Let d(x) = -x**3 - 4*x**2 + 38*x + 150. Give d(-6).
-6
Let c(r) = 38*r**3 + 190*r**2 - 2*r - 16. What is c(-5)?
-6
Let m(b) = b**3 + 30*b**2 + 25*b - 87. Give m(-29).
29
Let q(o) = 3*o**2 - 7*o - 10. What is q(-1)?
0
Let l(p) = -p**2 - 21*p + 74. Determine l(5).
-56
Let s(h) = 10*h**3 + 160*h**2 - 5*h - 88. Calculate s(-16).
-8
Let s(o) = -o**3 + 23*o**2 + 144*o - 2884. What is s(24)?
-4
Let v(c) = -c**3 + 144*c**2 - 142*c - 167. Determine v(143).
-24
Let j(h) = -h**3 + 8*h**2 - 7*h + 110. What is j(10)?
-160
Let j(l) = -18*l**2 - 442*l + 5. Give j(-24).
245
Let y(r) = -6*r**3 + 365*r**2 + 50*r + 661. Calculate y(61).
-10
Let j(t) = 66*t - 43. Determine j(1).
23
Let v(a) = 570*a - 13098. Give v(23).
12
Let z(f) = -31*f + 293. Give z(4).
169
Let x(k) = 7*k - 286. Calculate x(43).
15
Let l(v) = -5*v**2 - 19*v + 186. Calculate l(9).
-390
Let m(g) = -29*g + 503. What is m(16)?
39
Let t(y) = 8*y**2 - 148*y + 84. Determine t(18).
12
Let h(g) = g**2 + 115*g + 1612. What is h(-16)?
28
Let b(v) = v**2 + 2912*v - 23348. What is b(8)?
12
Let c(t) = t**2 + 25*t - 342. Determine c(10).
8
Let k(q) = -31*q + 122. Calculate k(4).
-2
Let a(l) = -15*l**2 - 103*l - 80. Determine a(-6).
-2
Let g(m) = 118*m + 3807. Calculate g(-32).
31
Let c(u) = 1316*u - 3939. Give c(3).
9
Let n(u) = -u**2 + 36*u - 350. What is n(18)?
-26
Let x(k) = 35*k**2 - 741*k + 739. Determine x(1).
33
Let t(q) = -q**2 - 15*q + 1162. Determine t(-45).
-188
Let x(b) = -4*b + 158. What is x(-17)?
226
Let r(h) = 2*h**3 - 34*h**2 - 2759*h + 44660. Determine r(16).
4
Let f(u) = u**3 + 2*u**2 - 3*u + 3. What is f(0)?
3
Let l(w) = w**3 + 17*w**2 + 34*w + 318. Calculate l(-16).
30
Let q(w) = w**3 + 45*w**2 + 109*w + 985. Determine q(-43).
-4
Let h(i) = i**3 - 30*i**2 + 27*i + 35. What is h(29)?
-23
Let z(n) = -n**3 - 4*n**2 + 30*n + 96. Give z(-7).
33
Let o(g) = -g**2 - 26*g + 2315. What is o(-63)?
-16
Let n(q) = 7*q**2 - 4*q - 8. Give n(2).
12
Let l(x) = 147*x + 143. Calculate l(-1).
-4
Let s(r) = 4*r**3 - 353*r**2 + 84*r - 198. What is s(88)?
-550
Let k(s) = 16*s + 2644. Calculate k(-107).
932
Let o(h) = 177*h**2 - 140*h - 2. What is o(1)?
35
Let r(y) = -y**3 - 26*y**2 + 2*y + 106. What is r(-26)?
54
Let w(c) = 4*c**2 + 24*c - 65. What is w(0)?
-65
Let s(u) = 38*u - 200. Calculate s(5).
-10
Let f(d) = 8*d - 5. Determine f(-34).
-277
Let w(h) = -118*h**2 - 19*h - 5. Determine w(-1).
-104
Let h(c) = c**3 + 23*c**2 + 132*c + 32. What is h(-14)?
-52
Let a(c) = 3*c**3 - 17*c**2 + 177*c - 832. What is a(5)?
3
Let w(b) = -b**2 - 44*b - 346. What is w(-33)?
17
Let n(z) = 14*z**3 - 7*z**2 + 15*z + 100. Determine n(-4).
-968
Let w(i) = 677*i + 673. Give w(-1).
-4
Let i(z) = -8*z**3 + 472*z**2 + 3124*z - 262. Give i(65).
-2
Let m(w) = -1645*w - 176021. Give m(-107).
-6
Let g(o) = -o**3 - 31*o**2 + 27*o - 152. Calculate g(-32).
8
Let d(u) = u**2 + 75*u - 3858. What is d(-110)?
-8
Let w(s) = -171*s**2 - 4963*s - 115. Determine w(-29).
1
Let t(c) = -5*c + 805. What is t(-45)?
1030
Let b(f) = f**3 + 117*f**2 + 115*f - 89. What is b(-116)?
27
Let l(k) = 13*k + 28. What is l(3)?
67
Let y(x) = x**3 + 11*x**2 - 50*x - 64. Calculate y(-14).
48
Let t(a) = 2*a**3 - 30*a**2 + 94*a - 2. Determine t(5).
-32
Let v(l) = -20*l**2 - 13*l + 34. What is v(3)?
-185
Let f(m) = -m**3 - 19*m**2 + 46*m + 531. Determine f(-20).
11
Let p(s) = -s**3 + 6*s**2 + 2*s + 11. Give p(5).
46
Let a(j) = -66*j - 1405. Determine a(-22).
47
Let r(m) = -2*m**3 - 115*m**2 - 165*m + 175. What is r(-56)?
7
Let a(x) = 2*x**3 - 13*x**2 - 31*x + 227. Determine a(6).
5
Let d(c) = 158*c - 4406. Give d(28).
18
Let x(d) = d**3 + 8*d**2 - 4*d - 46. What is x(-7)?
31
Let y(f) = f**3 + 10*f**2 + 22*f - 6. What is y(-4)?
2
Let v(s) = 11*s**2 + 41*s + 75. Give v(-6).
225
Let f(v) = -v - 28. Determine f(43).
-71
Let r(s) = 89*s**2 + s. Determine r(-1).
88
Let y(c) = -4426*c - 53097. What is y(-12)?
15
Let i(t) = 88*t - 2199. Determine i(24).
-87
Let s(q) = -q**2 - 32*q - 26. Calculate s(-33).
-59
Let w(m) = -2*m**2 - 9*m - 10. Calculate w(-5).
-15
Let b(a) = a + 44. Calculate b(-20).
24
Let u(y) = -y**3 - 57*y**2 - 56*y + 17. What is u(-56)?
17
Let f(h) = h**2 + 351*h - 3604. Give f(10).
6
Let v(w) = 3*w**2 - 42*w - 98. Calculate v(16).
-2
Let q(a) = a - 257. What is q(19)?
-238
Let v(m) = -m**3 + 21*m**2 - 36*m + 23. Calculate v(19).
61
Let w(g) = 15*g**3 + 24*g**2 + 7*g + 6. Give w(-2).
-32
Let q(h) = 18*h**2 - 1152*h + 29. What is q(64)?
29
Let k(t) = -t**3 + 6*t**2 - 10*t - 19. Determine k(5).
-44
Let m(n) = -12*n**3 + n**2 - 4. What is m(2)?
-96
Let o(f) = -f**3 - 296*f**2 - 2042*f - 133. What is o(-7)?
0
Let y(z) = z**2 - 33*z - 344. Give y(-9).
34
Let p(n) = n**3 - 7*n**2 + 13*n - 8. Calculate p(4).
-4
Let q(k) = -310*k**3 + 2*k**2 - 3*k. Calculate q(1).
-311
Let l(n) = -9*n**2 + 149*n - 63. Calculate l(16).
17
Let j(g) = -g**3 + 27*g**2 + 88*g + 20. What is j(30)?
-40
Let a(i) = 10424*i - 83384. What is a(8)?
8
Let u(i) = -2*i**3 - 128*i**2 + 1495*i + 1115. Calculate u(-74).
5
Let t(x) = -x**3 + 9*x**2 + 34*x - 9. What is t(12)?
-33
Let p(c) = -3*c**2 - 83*c + 40. Gi